{"id":2792,"date":"2020-11-25T20:22:17","date_gmt":"2020-11-25T19:22:17","guid":{"rendered":"https:\/\/www.tsg-bastheim.de\/?page_id=2792"},"modified":"2021-10-30T10:52:58","modified_gmt":"2021-10-30T09:52:58","slug":"mitglied-werden","status":"publish","type":"page","link":"https:\/\/www.tsg-bastheim.de\/?page_id=2792","title":{"rendered":"Mitglied werden"},"content":{"rendered":"<div data-colibri-id=\"2792-c1\" class=\"style-832 style-local-2792-c1 position-relative\">\n  <!---->\n  <div data-colibri-component=\"section\" data-colibri-id=\"2792-c2\" id=\"custom\" class=\"h-section h-section-global-spacing d-flex align-items-lg-center align-items-md-center align-items-center style-833 style-local-2792-c2 position-relative\">\n    <!---->\n    <!---->\n    <div class=\"h-section-grid-container h-section-boxed-container\">\n      <!---->\n      <div data-colibri-id=\"2792-c3\" class=\"h-row-container gutters-row-lg-0 gutters-row-md-0 gutters-row-0 gutters-row-v-lg-0 gutters-row-v-md-0 gutters-row-v-0 style-834 style-local-2792-c3 position-relative\">\n        <!---->\n        <div class=\"h-row justify-content-lg-center justify-content-md-center justify-content-center align-items-lg-stretch align-items-md-stretch align-items-stretch gutters-col-lg-0 gutters-col-md-0 gutters-col-0 gutters-col-v-lg-0 gutters-col-v-md-0 gutters-col-v-0\">\n          <!---->\n          <div class=\"h-column h-column-container d-flex h-col-lg-auto h-col-md-auto h-col-auto style-835-outer style-local-2792-c4-outer\">\n            <div data-colibri-id=\"2792-c4\" class=\"d-flex h-flex-basis h-column__inner h-px-lg-2 h-px-md-2 h-px-2 v-inner-lg-2 v-inner-md-2 v-inner-2 style-835 style-local-2792-c4 position-relative\">\n              <!---->\n              <!---->\n              <div class=\"w-100 h-y-container h-column__content h-column__v-align flex-basis-100 align-self-lg-start align-self-md-start align-self-start\">\n                <!---->\n                <div data-colibri-id=\"2792-c5\" class=\"d-block style-837 style-local-2792-c5 position-relative h-element\">\n                  <!---->\n                  <div class=\"h-image__frame-container-outer\">\n                    <div class=\"h-image__frame-container\">\n                      <!---->\n                      <!---->\n                      <img fetchpriority=\"high\" decoding=\"async\" width=\"497\" height=\"502\" src=\"https:\/\/www.tsg-bastheim.de\/wp-content\/uploads\/2020\/11\/Logo3-removebg-preview.png\" class=\"wp-image-2609 style-837-image style-local-2792-c5-image\" alt=\"\" srcset=\"https:\/\/www.tsg-bastheim.de\/wp-content\/uploads\/2020\/11\/Logo3-removebg-preview.png 497w, https:\/\/www.tsg-bastheim.de\/wp-content\/uploads\/2020\/11\/Logo3-removebg-preview-297x300.png 297w\" sizes=\"(max-width: 497px) 100vw, 497px\" \/>\n                      <div class=\"h-image__frame h-hide-lg h-hide-md h-hide-sm style-837-frameImage style-local-2792-c5-frameImage\"><\/div>\n                    <\/div>\n                  <\/div>\n                <\/div>\n              <\/div>\n            <\/div>\n          <\/div>\n          <div class=\"h-column h-column-container d-flex h-col-lg-auto h-col-md-auto h-col-auto style-836-outer style-local-2792-c6-outer\">\n            <div data-colibri-id=\"2792-c6\" class=\"d-flex h-flex-basis h-column__inner h-px-lg-0 h-px-md-0 h-px-0 v-inner-lg-0 v-inner-md-0 v-inner-0 style-836 style-local-2792-c6 position-relative\">\n              <!---->\n              <!---->\n              <div class=\"w-100 h-y-container h-column__content h-column__v-align flex-basis-100 align-self-lg-center align-self-md-center align-self-center\">\n                <!---->\n                <div data-colibri-id=\"2792-c7\" class=\"h-text h-text-component style-844 style-local-2792-c7 position-relative h-element\">\n                  <!---->\n                  <!---->\n                  <div class=\"\">\n                    <p>\n                      <a href=\"https:\/\/www.tsg-bastheim.de\/wp-content\/uploads\/2021\/10\/Mitgliedsantrag-TSG-Bastheim-1.pdf\" style=\"color: rgb(27, 6, 249);\" target=\"_blank\" rel=\"noopener\">Hier findest du den SEPA-Mitgliedsantrag<\/a>\n                    <\/p>\n                  <\/div>\n                <\/div>\n              <\/div>\n            <\/div>\n          <\/div>\n        <\/div>\n      <\/div>\n    <\/div>\n  <\/div>\n  <div data-colibri-component=\"section\" data-colibri-id=\"2792-c8\" id=\"custom\" class=\"h-section h-section-global-spacing d-flex align-items-lg-center align-items-md-center align-items-center style-833 style-local-2792-c8 position-relative\">\n    <!---->\n    <!---->\n    <div class=\"h-section-grid-container h-section-boxed-container\">\n      <!---->\n      <div data-colibri-id=\"2792-c9\" class=\"h-row-container gutters-row-lg-0 gutters-row-md-0 gutters-row-0 gutters-row-v-lg-0 gutters-row-v-md-0 gutters-row-v-0 style-834 style-local-2792-c9 position-relative\">\n        <!---->\n        <div class=\"h-row justify-content-lg-center justify-content-md-center justify-content-center align-items-lg-stretch align-items-md-stretch align-items-stretch gutters-col-lg-0 gutters-col-md-0 gutters-col-0 gutters-col-v-lg-0 gutters-col-v-md-0 gutters-col-v-0\">\n          <!---->\n          <div class=\"h-column h-column-container d-flex h-col-lg-auto h-col-md-auto h-col-auto style-835-outer style-local-2792-c10-outer\">\n            <div data-colibri-id=\"2792-c10\" class=\"d-flex h-flex-basis h-column__inner h-px-lg-2 h-px-md-2 h-px-2 v-inner-lg-2 v-inner-md-2 v-inner-2 style-835 style-local-2792-c10 position-relative\">\n              <!---->\n              <!---->\n              <div class=\"w-100 h-y-container h-column__content h-column__v-align flex-basis-100 align-self-lg-start align-self-md-start align-self-start\">\n                <!---->\n                <div data-colibri-id=\"2792-c11\" class=\"d-block style-837 style-local-2792-c11 position-relative h-element\">\n                  <!---->\n                  <div class=\"h-image__frame-container-outer\">\n                    <div class=\"h-image__frame-container\">\n                      <!---->\n                      <!---->\n                      <img decoding=\"async\" width=\"497\" height=\"502\" src=\"https:\/\/www.tsg-bastheim.de\/wp-content\/uploads\/2020\/11\/Logo3-removebg-preview.png\" class=\"wp-image-2609 style-837-image style-local-2792-c11-image\" alt=\"\" srcset=\"https:\/\/www.tsg-bastheim.de\/wp-content\/uploads\/2020\/11\/Logo3-removebg-preview.png 497w, https:\/\/www.tsg-bastheim.de\/wp-content\/uploads\/2020\/11\/Logo3-removebg-preview-297x300.png 297w\" sizes=\"(max-width: 497px) 100vw, 497px\" \/>\n                      <div class=\"h-image__frame h-hide-lg h-hide-md h-hide-sm style-837-frameImage style-local-2792-c11-frameImage\"><\/div>\n                    <\/div>\n                  <\/div>\n                <\/div>\n              <\/div>\n            <\/div>\n          <\/div>\n          <div class=\"h-column h-column-container d-flex h-col-lg-auto h-col-md-auto h-col-auto style-836-outer style-local-2792-c12-outer\">\n            <div data-colibri-id=\"2792-c12\" class=\"d-flex h-flex-basis h-column__inner h-px-lg-0 h-px-md-0 h-px-0 v-inner-lg-0 v-inner-md-0 v-inner-0 style-836 style-local-2792-c12 position-relative\">\n              <!---->\n              <!---->\n              <div class=\"w-100 h-y-container h-column__content h-column__v-align flex-basis-100 align-self-lg-center align-self-md-center align-self-center\">\n                <!---->\n                <div data-colibri-id=\"2792-c13\" class=\"h-text h-text-component style-844 style-local-2792-c13 position-relative h-element\">\n                  <!---->\n                  <!---->\n                  <div class=\"\">\n                    <p>\n                      <a href=\"https:\/\/www.tsg-bastheim.de\/wp-content\/uploads\/2021\/10\/Aenderungs-Mitgliedsantrag-1.pdf\" style=\"font-weight: 400; color: rgb(23, 8, 245);\" target=\"_blank\" rel=\"noopener\">Hier findest du den \u00c4nderungs-Antrag\ufeff<\/a>\n                    <\/p>\n                    <p><span style=\"color: rgb(6, 6, 6); font-weight: 400; font-size: 12.96px; font-family: &quot;Open Sans&quot;;\">\ufeff(hier kannst Du uns \u00c4nderungen zu deiner Bankverbindung oder Anschrift mitteilen)<\/span><\/p>\n                  <\/div>\n                <\/div>\n              <\/div>\n            <\/div>\n          <\/div>\n        <\/div>\n      <\/div>\n    <\/div>\n  <\/div>\n  <div data-colibri-component=\"section\" data-colibri-id=\"2792-c14\" id=\"custom\" class=\"h-section h-section-global-spacing d-flex align-items-lg-center align-items-md-center align-items-center style-833 style-local-2792-c14 position-relative\">\n    <!---->\n    <!---->\n    <div class=\"h-section-grid-container h-section-boxed-container\">\n      <!---->\n      <div data-colibri-id=\"2792-c15\" class=\"h-row-container gutters-row-lg-0 gutters-row-md-0 gutters-row-0 gutters-row-v-lg-0 gutters-row-v-md-0 gutters-row-v-0 style-834 style-local-2792-c15 position-relative\">\n        <!---->\n        <div class=\"h-row justify-content-lg-center justify-content-md-center justify-content-center align-items-lg-stretch align-items-md-stretch align-items-stretch gutters-col-lg-0 gutters-col-md-0 gutters-col-0 gutters-col-v-lg-0 gutters-col-v-md-0 gutters-col-v-0\">\n          <!---->\n          <div class=\"h-column h-column-container d-flex h-col-lg-auto h-col-md-auto h-col-auto style-835-outer style-local-2792-c16-outer\">\n            <div data-colibri-id=\"2792-c16\" class=\"d-flex h-flex-basis h-column__inner h-px-lg-2 h-px-md-2 h-px-2 v-inner-lg-2 v-inner-md-2 v-inner-2 style-835 style-local-2792-c16 position-relative\">\n              <!---->\n              <!---->\n              <div class=\"w-100 h-y-container h-column__content h-column__v-align flex-basis-100 align-self-lg-start align-self-md-start align-self-start\">\n                <!---->\n                <div data-colibri-id=\"2792-c17\" class=\"d-block style-837 style-local-2792-c17 position-relative h-element\">\n                  <!---->\n                  <div class=\"h-image__frame-container-outer\">\n                    <div class=\"h-image__frame-container\">\n                      <!---->\n                      <!---->\n                      <img decoding=\"async\" width=\"497\" height=\"502\" src=\"https:\/\/www.tsg-bastheim.de\/wp-content\/uploads\/2020\/11\/Logo3-removebg-preview.png\" class=\"wp-image-2609 style-837-image style-local-2792-c17-image\" alt=\"\" srcset=\"https:\/\/www.tsg-bastheim.de\/wp-content\/uploads\/2020\/11\/Logo3-removebg-preview.png 497w, https:\/\/www.tsg-bastheim.de\/wp-content\/uploads\/2020\/11\/Logo3-removebg-preview-297x300.png 297w\" sizes=\"(max-width: 497px) 100vw, 497px\" \/>\n                      <div class=\"h-image__frame h-hide-lg h-hide-md h-hide-sm style-837-frameImage style-local-2792-c17-frameImage\"><\/div>\n                    <\/div>\n                  <\/div>\n                <\/div>\n              <\/div>\n            <\/div>\n          <\/div>\n          <div class=\"h-column h-column-container d-flex h-col-lg-auto h-col-md-auto h-col-auto style-836-outer style-local-2792-c18-outer\">\n            <div data-colibri-id=\"2792-c18\" class=\"d-flex h-flex-basis h-column__inner h-px-lg-0 h-px-md-0 h-px-0 v-inner-lg-0 v-inner-md-0 v-inner-0 style-836 style-local-2792-c18 position-relative\">\n              <!---->\n              <!---->\n              <div class=\"w-100 h-y-container h-column__content h-column__v-align flex-basis-100 align-self-lg-center align-self-md-center align-self-center\">\n                <!---->\n                <div data-colibri-id=\"2792-c19\" class=\"h-text h-text-component style-844 style-local-2792-c19 position-relative h-element\">\n                  <!---->\n                  <!---->\n                  <div class=\"\">\n                    <p>\n                      <a href=\"https:\/\/www.tsg-bastheim.de\/wp-content\/uploads\/2021\/07\/einverstaendniserklaerung-mitglied-neu-v1.pdf\" target=\"_blank\" class=\"customize-unpreviewable\" style=\"color: rgb(45, 9, 249);\" rel=\"noopener\">Hier findest du die Datenschutz Einverst\u00e4ndniserkl\u00e4rung<\/a>\n                    <\/p>\n                    <p><span style=\"color: rgb(6, 6, 6); font-weight: 400; font-size: 12.96px; font-family: &quot;Open Sans&quot;;\">(die DSGVO Erkl\u00e4rung bitte unbedingt mit ausdrucken und unterschrieben zusammen mit dem Mitgliedsantrag an die Vorstandschaft zur\u00fcckgeben)<\/span><\/p>\n                  <\/div>\n                <\/div>\n              <\/div>\n            <\/div>\n          <\/div>\n        <\/div>\n      <\/div>\n    <\/div>\n  <\/div>\n<\/div>","protected":false},"excerpt":{"rendered":"<p>Hier findest du den SEPA-Mitgliedsantrag Hier findest du den \u00c4nderungs-Antrag\ufeff \ufeff(hier kannst Du uns \u00c4nderungen zu deiner Bankverbindung oder Anschrift mitteilen) Hier findest du die Datenschutz Einverst\u00e4ndniserkl\u00e4rung (die DSGVO Erkl\u00e4rung bitte unbedingt mit ausdrucken und unterschrieben zusammen mit dem Mitgliedsantrag an die Vorstandschaft zur\u00fcckgeben)<\/p>\n","protected":false},"author":17,"featured_media":0,"parent":0,"menu_order":22,"comment_status":"closed","ping_status":"closed","template":"page-templates\/full-width-page.php","meta":{"ngg_post_thumbnail":0,"footnotes":""},"_links":{"self":[{"href":"https:\/\/www.tsg-bastheim.de\/index.php?rest_route=\/wp\/v2\/pages\/2792"}],"collection":[{"href":"https:\/\/www.tsg-bastheim.de\/index.php?rest_route=\/wp\/v2\/pages"}],"about":[{"href":"https:\/\/www.tsg-bastheim.de\/index.php?rest_route=\/wp\/v2\/types\/page"}],"author":[{"embeddable":true,"href":"https:\/\/www.tsg-bastheim.de\/index.php?rest_route=\/wp\/v2\/users\/17"}],"replies":[{"embeddable":true,"href":"https:\/\/www.tsg-bastheim.de\/index.php?rest_route=%2Fwp%2Fv2%2Fcomments&post=2792"}],"version-history":[{"count":8,"href":"https:\/\/www.tsg-bastheim.de\/index.php?rest_route=\/wp\/v2\/pages\/2792\/revisions"}],"predecessor-version":[{"id":3116,"href":"https:\/\/www.tsg-bastheim.de\/index.php?rest_route=\/wp\/v2\/pages\/2792\/revisions\/3116"}],"wp:attachment":[{"href":"https:\/\/www.tsg-bastheim.de\/index.php?rest_route=%2Fwp%2Fv2%2Fmedia&parent=2792"}],"curies":[{"name":"wp","href":"https:\/\/api.w.org\/{rel}","templated":true}]}}